actor of 526?
False
Is 22088 a multiple of 110?
False
Is 44 a factor of 4984?
False
Does 8 divide 19464?
True
Is 780 a multiple of 10?
True
Is 4 a factor of 10?
False
Is 14 a factor of 1058?
False
Does 16 divide 493?
False
Does 28 divide 308?
True
Is 3363 a multiple of 57?
True
Is 6425 a multiple of 37?
False
Is 4 a factor of 558?
False
Is 72 a factor of 13167?
False
Does 280 divide 39200?
True
Is 2701 a multiple of 153?
False
Does 20 divide 10200?
True
Is 4538 a multiple of 7?
False
Is 92 a factor of 9357?
False
Does 31 divide 372?
True
Is 113251 a multiple of 340?
False
Is 224 a factor of 33600?
True
Is 16280 a multiple of 22?
True
Is 132880 a multiple of 88?
True
Is 5460 a multiple of 19?
False
Is 101 a factor of 1904?
False
Does 76 divide 16312?
False
Is 2001 a multiple of 8?
False
Is 7 a factor of 469?
True
Does 11 divide 137?
False
Is 6 a factor of 36651?
False
Does 38 divide 33426?
False
Is 50 a factor of 1350?
True
Does 3 divide 386?
False
Is 10 a factor of 101740?
True
Is 15 a factor of 406?
False
Is 84 a multiple of 7?
True
Does 25 divide 53511?
False
Is 2199 a multiple of 4?
False
Is 129 a factor of 29427?
False
Is 20 a factor of 7546?
False
Is 1615 a multiple of 29?
False
Does 111 divide 47175?
True
Does 68 divide 8153?
False
Does 49 divide 166306?
True
Is 103 a factor of 13872?
False
Is 8 a factor of 2261?
False
Is 10200 a multiple of 136?
True
Is 11409 a multiple of 15?
False
Is 16136 a multiple of 33?
False
Does 39 divide 819?
True
Is 29 a factor of 2996?
False
Is 6 a factor of 1284?
True
Is 7 a factor of 619?
False
Is 17374 a multiple of 33?
False
Is 15 a factor of 120061?
False
Does 105 divide 5728?
False
Is 152 a factor of 43320?
True
Is 15664 a multiple of 9?
False
Is 26 a factor of 283?
False
Does 13 divide 580?
False
Is 313 even?
False
Is 6 a factor of 222?
True
Does 5 divide 365?
True
Does 91 divide 21082?
False
Is 180 a multiple of 20?
True
Is 23534 a multiple of 108?
False
Is 3 a factor of 422?
False
Is 1100 a multiple of 25?
True
Does 24 divide 818?
False
Is 637 a multiple of 2?
False
Does 96 divide 25323?
False
Is 12223 a multiple of 24?
False
Is 274 a multiple of 28?
False
Is 13578 a multiple of 93?
True
Is 1557 a multiple of 25?
False
Does 52 divide 16120?
True
Is 8 a factor of 1303?
False
Is 7710 a multiple of 163?
False
Is 12 a factor of 131756?
False
Does 41 divide 69221?
False
Does 4 divide 17191?
False
Is 41344 a multiple of 99?
False
Is 269 a multiple of 13?
False
Is 72 a factor of 239?
False
Is 3096 a multiple of 9?
True
Is 26 a factor of 2028?
True
Does 16 divide 128?
True
Does 61 divide 39833?
True
Does 26 divide 3978?
True
Does 10 divide 875?
False
Is 10 a factor of 800?
True
Is 5468 a multiple of 2?
True
Is 274 a multiple of 13?
False
Does 178 divide 22072?
True
Is 206 a factor of 8446?
True
Is 11 a factor of 718?
False
Does 3 divide 192?
True
Does 60 divide 480?
True
Is 9900 a multiple of 25?
True
Is 481 a multiple of 37?
True
Does 196 divide 30473?
False
Is 941 a multiple of 10?
False
Is 69230 a multiple of 86?
True
Is 287 a multiple of 41?
True
Is 234 a multiple of 13?
True
Does 92 divide 34646?
False
Is 132 a factor of 8052?
True
Does 8 divide 984?
True
Does 14 divide 335?
False
Does 252 divide 3202?
False
Is 10 a factor of 53?
False
Does 11 divide 2310?
True
Is 304 a factor of 31735?
False
Is 26 a factor of 130?
True
Is 2026 a multiple of 12?
False
Does 121 divide 121?
True
Is 54976 a multiple of 6?
False
Is 43 a factor of 1677?
True
Is 12403 a multiple of 157?
True
Does 26 divide 20982?
True
Is 14 a factor of 456?
False
Is 2 a factor of 11571?
False
Is 108 a factor of 2384?
False
Is 10 a factor of 1156?
False
Is 3 a factor of 40?
False
Is 19 a factor of 244?
False
Is 5188 a multiple of 20?
False
Does 59 divide 27730?
True
Does 5 divide 405?
True
Does 10 divide 57746?
False
Is 359 a multiple of 11?
False
Is 828 a multiple of 36?
True
Does 171 divide 22368?
False
Does 29 divide 2291?
True
Is 296 a multiple of 8?
True
Is 5319 a multiple of 22?
False
Is 16 a factor of 881?
False
Is 170 a factor of 30940?
True
Does 52 divide 11227?
False
Does 51 divide 6193?
False
Is 7 a factor of 1421?
True
Does 249 divide 21649?
False
Does 12 divide 29?
False
Is 732 a multiple of 8?
False
Is 81780 a multiple of 348?
True
Is 5 a factor of 56755?
True
Is 19 a factor of 9576?
True
Is 12 a factor of 384?
True
Is 6 a factor of 1875?
False
Does 3 divide 273?
True
Does 45 divide 8434?
False
Is 9696 a multiple of 7?
False
Does 37 divide 111?
True
Is 42429 a multiple of 277?
False
Is 4046 a multiple of 20?
False
Is 12 a factor of 624?
True
Is 99 a factor of 594?
True
Is 154245 a multiple of 18?
False
Is 11 a factor of 8319?
False
Is 35 a factor of 2925?
False
Is 53 a factor of 2216?
False
Does 52 divide 2912?
True
Does 47 divide 55366?
True
Does 33 divide 2126?
False
Does 14 divide 38315?
False
Is 26 a factor of 468?
True
Is 2540 a multiple of 8?
False
Does 17 divide 510?
True
Is 4374 a multiple of 6?
True
Is 27171 a multiple of 327?
False
Is 51684 a multiple of 219?
True
Does 31 divide 6634?
True
Is 21 a factor of 709?
False
Does 13 divide 4836?
True
Is 6 a factor of 4558?
False
Is 104 a multiple of 13?
True
Does 14 divide 25928?
True
Is 18424 a multiple of 98?
True
Is 14 a factor of 214?
False
Is 9 a multiple of 9?
True
Is 1197 a multiple of 24?
False
Is 300 a multiple of 6?
True
Does 13 divide 274?
False
Does 4 divide 4769?
False
Is 14 a factor of 1134?
True
Is 1899 a multiple of 10?
False
Is 9 a factor of 1332?
True
Does 10 divide 20071?
False
Is 1016 a multiple of 24?
False
Is 17 a factor of 9211?
False
Is 1107 a multiple of 41?
True
Is 9867 a multiple of 135?
False
Is 10 a factor of 2820?
True
Is 275 a multiple of 25?
True
Is 12 a factor of 864?
True
Is 3 a factor of 8522?
False
Is 28 a factor of 95?
False
Does 46 divide 9706?
True
Is 140 a multiple of 7?
True
Does 67 divide 25862?
True
Is 11 a factor of 3511?
False
Is 3827 a multiple of 43?
True
Is 24 a factor of 2643?
False
Is 33010 a multiple of 168?
False
Is 34247 a multiple of 23?
True
Is 4 a factor of 18?
False
Is 195 a factor of 40872?
False
Is 2648 a multiple of 2?
True
Is 2589 even?
False
Is 16 a factor of 5976?
False
Is 8 a factor of 1324?
False
Is 18409 a multiple of 22?
False
Does 8 divide 9?
False
Does 6 divide 822?
True
Is 2 a factor of 3020?
True
Is 537 a multiple of 21?
False
Is 18 a factor of 16128?
True
Does 22 divide 308?
True
Is 2195 a multiple of 12?
False
Is 18 a factor of 1609?
False
Is 25 a factor of 450?
True
Does 73 divide 84347?
False
Is 74 a factor of 5476?
True
Is 57 a factor of 2345?
False
Does 6 divide 1368?
True
Is 2853 a multiple of 33?
False
Is 12425 a multiple of 119?
False
Is 90 a factor of 13167?
False
Is 37 a factor of 2072?
True
Does 71 divide 1207?
True
Is 63 a factor of 4103?
False
Is 522 a multiple of 4?
False
Does 16 divide 62334?
False
Is 11 a factor of 5309?
False
Is 53 a factor of 1238?
False
Is 24 a multiple of 8?
True
Does 7 divide 42?
True
Does 10 divide 3680?
True
Does 79 divide 1264?
True
Is 16865 a multiple of 47?
False
Is 189 a factor of 5670?
True
Does 11 divide 724?
False
Does 15 divide 4032?
False
Is 816 a multiple of 17?
True
Is 32967 a multiple of 104?
False
Is 31691 a multiple of 164?
False
Does 299 divide 30925?
False
Is 887 a multiple of 14?
False
Does 15 divide 686?
False
Does 61 divide 6283?
True
Does 7 divide 8141?
True
Is 288 a factor of 24717?
False
Is 31 a factor of 383?
False
Does 74 divide 15182?
False
Does 8 divide 6848?
True
Is 45 a factor of 313?
False
Is 2299 a multiple of 19?
True
Is 81702 a multiple of 53?
False
Is 98 a factor of 914?
False
Is 3 a factor of 330?
True
Does 19 divide 211?
False
Is 43 a factor of 1502?
False
Does 6 divide 233?
False
Is 2004 a multiple of 53?
False
Does 6 divide 115?
False
Does 13 divide 940?
False
Is 9196 a multiple of 11?
True
Is 1645 a multiple of 15?
False
Does 190 divide 11719?
False
Does 22 divide 1493?
False
Does 15 divide 123285?
True
Does 20 divide 33920?
True
Is 29580 a multiple of 10?
True
Is 7632 a multiple of 24?
True
Does 10 divide 40000?
True
Is 77 a factor of 433?
False
Does 2 divide 1510?
True
Is 1619 a multiple of 7?
False
Is 37 a factor of 3071?
True
Is 5686 a multiple of 10?
False
Does 4 divide 41?
False
Does 63 divide 10952?
False
Is 200 a mul